{"id":3669,"date":"2025-06-13T11:28:20","date_gmt":"2025-06-13T11:28:20","guid":{"rendered":"https:\/\/nw-architekten.com\/?page_id=3669"},"modified":"2025-06-16T09:46:34","modified_gmt":"2025-06-16T09:46:34","slug":"heidrun-weitz","status":"publish","type":"page","link":"https:\/\/nw-architekten.com\/?page_id=3669","title":{"rendered":"Heidrun Weitz"},"content":{"rendered":"\t\t<div data-elementor-type=\"wp-page\" data-elementor-id=\"3669\" class=\"elementor elementor-3669\" data-elementor-post-type=\"page\">\n\t\t\t\t<div data-particle_enable=\"false\" data-particle-mobile-disabled=\"false\" class=\"elementor-element elementor-element-5b0b861d e-con-full big-text-overlay e-flex wpr-particle-no wpr-jarallax-no wpr-parallax-no wpr-sticky-section-no e-con e-parent\" data-id=\"5b0b861d\" data-element_type=\"container\" data-e-type=\"container\" data-settings=\"{&quot;background_background&quot;:&quot;gradient&quot;}\">\n\t\t\t\t<div class=\"elementor-element elementor-element-14250f26 mein-bild elementor-widget elementor-widget-image\" data-id=\"14250f26\" data-element_type=\"widget\" data-e-type=\"widget\" data-widget_type=\"image.default\">\n\t\t\t\t<div class=\"elementor-widget-container\">\n\t\t\t\t\t\t\t\t\t\t\t\t\t\t\t<img decoding=\"async\" src=\"https:\/\/nw-architekten.com\/wp-content\/uploads\/elementor\/thumbs\/Heidrun-Weitz-rcy0aw7d4qp2vgcpf9i6le2c9s2p48o78cgsyrujq0.png\" title=\"Heidrun-Weitz.png\" alt=\"Heidrun-Weitz.png\" loading=\"lazy\" \/>\t\t\t\t\t\t\t\t\t\t\t\t\t\t\t<\/div>\n\t\t\t\t<\/div>\n\t\t\t\t<div class=\"elementor-element elementor-element-6c256179 elementor-widget__width-inherit elementor-absolute elementor-widget elementor-widget-heading\" data-id=\"6c256179\" data-element_type=\"widget\" data-e-type=\"widget\" data-settings=\"{&quot;_position&quot;:&quot;absolute&quot;}\" data-widget_type=\"heading.default\">\n\t\t\t\t<div class=\"elementor-widget-container\">\n\t\t\t\t\t<h2 class=\"elementor-heading-title elementor-size-default\">HEIDRUN WEITZ<\/h2>\t\t\t\t<\/div>\n\t\t\t\t<\/div>\n\t\t<div data-particle_enable=\"false\" data-particle-mobile-disabled=\"false\" class=\"elementor-element elementor-element-3530a97e e-flex e-con-boxed wpr-particle-no wpr-jarallax-no wpr-parallax-no wpr-sticky-section-no e-con e-child\" data-id=\"3530a97e\" data-element_type=\"container\" data-e-type=\"container\">\n\t\t\t\t\t<div class=\"e-con-inner\">\n\t\t\t\t<div class=\"elementor-element elementor-element-70fb9a0f elementor-widget elementor-widget-heading\" data-id=\"70fb9a0f\" data-element_type=\"widget\" data-e-type=\"widget\" data-widget_type=\"heading.default\">\n\t\t\t\t<div class=\"elementor-widget-container\">\n\t\t\t\t\t<h2 class=\"elementor-heading-title elementor-size-default\">Gr\u00fcnderin und Gesch\u00e4ftsf\u00fchrerin | Architektin AHK<\/h2>\t\t\t\t<\/div>\n\t\t\t\t<\/div>\n\t\t\t\t<div class=\"elementor-element elementor-element-42b587aa elementor-widget elementor-widget-text-editor\" data-id=\"42b587aa\" data-element_type=\"widget\" data-e-type=\"widget\" data-widget_type=\"text-editor.default\">\n\t\t\t\t<div class=\"elementor-widget-container\">\n\t\t\t\t\t\t\t\t\t<p>Mit Leidenschaft f\u00fcr Architektur und \u00fcber 35 Jahren Erfahrung begleitet Heidrun Weitz Projekte von der ersten Idee bis zur Fertigstellung. Als Gesch\u00e4ftsf\u00fchrerin ist sie verantwortlich f\u00fcr Akquise, Kundenbetreuung und die Entwicklung von Masterpl\u00e4nen. Ein besonderer Schwerpunkt liegt dabei auf pferdefachlichen Themen und ma\u00dfgeschneiderter Architektur f\u00fcr Reitsportanlagen.<\/p><p>Ihre Expertise reicht von der Entwurfs- und Genehmigungsplanung bis zur Projektentwicklung \u2013 stets mit Blick f\u00fcr Details, Nutzerbed\u00fcrfnisse und nachhaltige L\u00f6sungen.<\/p>\t\t\t\t\t\t\t\t<\/div>\n\t\t\t\t<\/div>\n\t\t\t\t<div class=\"elementor-element elementor-element-5481acc6 elementor-widget elementor-widget-text-editor\" data-id=\"5481acc6\" data-element_type=\"widget\" data-e-type=\"widget\" data-widget_type=\"text-editor.default\">\n\t\t\t\t<div class=\"elementor-widget-container\">\n\t\t\t\t\t\t\t\t\t<p><strong>Schwerpunkte<\/strong><\/p><p>Pferdearchitektur \u2013 \u201eBauen f\u00fcr Pferde\u201c<\/p><p>\u00d6ffentliche Bauten<\/p><p>Wohnungsbau<\/p><p>Bauen im Bestand, Revitalisierung<\/p><p>Mieterausbau<\/p><p>In ihrer Arbeit verbindet Heidrun Weitz wirtschaftliche Effizienz mit kreativer Planung \u2013 immer mit einem Gesp\u00fcr f\u00fcr die individuellen Anforderungen der Nutzer.<\/p>\t\t\t\t\t\t\t\t<\/div>\n\t\t\t\t<\/div>\n\t\t\t\t\t<\/div>\n\t\t\t\t<\/div>\n\t\t\t\t<\/div>\n\t\t\t\t<\/div>\n\t\t","protected":false},"excerpt":{"rendered":"<p>HEIDRUN WEITZ Gr\u00fcnderin und Gesch\u00e4ftsf\u00fchrerin | Architektin AHK Mit Leidenschaft f\u00fcr Architektur und \u00fcber 35 Jahren Erfahrung begleitet Heidrun Weitz Projekte von der ersten Idee bis zur Fertigstellung. Als Gesch\u00e4ftsf\u00fchrerin ist sie verantwortlich f\u00fcr Akquise, Kundenbetreuung und die Entwicklung von Masterpl\u00e4nen. Ein besonderer Schwerpunkt liegt dabei auf pferdefachlichen Themen und ma\u00dfgeschneiderter Architektur f\u00fcr Reitsportanlagen. Ihre Expertise reicht von der Entwurfs- und Genehmigungsplanung bis zur Projektentwicklung \u2013 stets mit Blick f\u00fcr Details, Nutzerbed\u00fcrfnisse und nachhaltige L\u00f6sungen. Schwerpunkte Pferdearchitektur \u2013 \u201eBauen f\u00fcr Pferde\u201c \u00d6ffentliche Bauten Wohnungsbau Bauen im Bestand, Revitalisierung Mieterausbau In ihrer Arbeit verbindet Heidrun Weitz wirtschaftliche Effizienz mit kreativer Planung \u2013 immer mit einem Gesp\u00fcr f\u00fcr die individuellen Anforderungen der Nutzer.<\/p>\n","protected":false},"author":6,"featured_media":0,"parent":3568,"menu_order":0,"comment_status":"closed","ping_status":"closed","template":"","meta":{"footnotes":""},"class_list":["post-3669","page","type-page","status-publish","hentry"],"_links":{"self":[{"href":"https:\/\/nw-architekten.com\/index.php?rest_route=\/wp\/v2\/pages\/3669","targetHints":{"allow":["GET"]}}],"collection":[{"href":"https:\/\/nw-architekten.com\/index.php?rest_route=\/wp\/v2\/pages"}],"about":[{"href":"https:\/\/nw-architekten.com\/index.php?rest_route=\/wp\/v2\/types\/page"}],"author":[{"embeddable":true,"href":"https:\/\/nw-architekten.com\/index.php?rest_route=\/wp\/v2\/users\/6"}],"replies":[{"embeddable":true,"href":"https:\/\/nw-architekten.com\/index.php?rest_route=%2Fwp%2Fv2%2Fcomments&post=3669"}],"version-history":[{"count":7,"href":"https:\/\/nw-architekten.com\/index.php?rest_route=\/wp\/v2\/pages\/3669\/revisions"}],"predecessor-version":[{"id":3801,"href":"https:\/\/nw-architekten.com\/index.php?rest_route=\/wp\/v2\/pages\/3669\/revisions\/3801"}],"up":[{"embeddable":true,"href":"https:\/\/nw-architekten.com\/index.php?rest_route=\/wp\/v2\/pages\/3568"}],"wp:attachment":[{"href":"https:\/\/nw-architekten.com\/index.php?rest_route=%2Fwp%2Fv2%2Fmedia&parent=3669"}],"curies":[{"name":"wp","href":"https:\/\/api.w.org\/{rel}","templated":true}]}}

<div data-elementor-type="wp-page" data-elementor-id="3669" class="elementor elementor-3669" data-elementor-post-type="page">
				<div data-particle_enable="false" data-particle-mobile-disabled="false" class="elementor-element elementor-element-5b0b861d e-con-full big-text-overlay e-flex wpr-particle-no wpr-jarallax-no wpr-parallax-no wpr-sticky-section-no e-con e-parent" data-id="5b0b861d" data-element_type="container" data-e-type="container" data-settings="{&quot;background_background&quot;:&quot;gradient&quot;}">
				<div class="elementor-element elementor-element-14250f26 mein-bild elementor-widget elementor-widget-image" data-id="14250f26" data-element_type="widget" data-e-type="widget" data-widget_type="image.default">
				<div class="elementor-widget-container">
															<img decoding="async" src="https://nw-architekten.com/wp-content/uploads/elementor/thumbs/Heidrun-Weitz-rcy0aw7d4qp2vgcpf9i6le2c9s2p48o78cgsyrujq0.png" title="Heidrun-Weitz.png" alt="Heidrun-Weitz.png" loading="lazy" />															</div>
				</div>
				<div class="elementor-element elementor-element-6c256179 elementor-widget__width-inherit elementor-absolute elementor-widget elementor-widget-heading" data-id="6c256179" data-element_type="widget" data-e-type="widget" data-settings="{&quot;_position&quot;:&quot;absolute&quot;}" data-widget_type="heading.default">
				<div class="elementor-widget-container">
					<h2 class="elementor-heading-title elementor-size-default">HEIDRUN WEITZ</h2>				</div>
				</div>
		<div data-particle_enable="false" data-particle-mobile-disabled="false" class="elementor-element elementor-element-3530a97e e-flex e-con-boxed wpr-particle-no wpr-jarallax-no wpr-parallax-no wpr-sticky-section-no e-con e-child" data-id="3530a97e" data-element_type="container" data-e-type="container">
					<div class="e-con-inner">
				<div class="elementor-element elementor-element-70fb9a0f elementor-widget elementor-widget-heading" data-id="70fb9a0f" data-element_type="widget" data-e-type="widget" data-widget_type="heading.default">
				<div class="elementor-widget-container">
					<h2 class="elementor-heading-title elementor-size-default">Gründerin und Geschäftsführerin | Architektin AHK</h2>				</div>
				</div>
				<div class="elementor-element elementor-element-42b587aa elementor-widget elementor-widget-text-editor" data-id="42b587aa" data-element_type="widget" data-e-type="widget" data-widget_type="text-editor.default">
				<div class="elementor-widget-container">
									<p>Mit Leidenschaft für Architektur und über 35 Jahren Erfahrung begleitet Heidrun Weitz Projekte von der ersten Idee bis zur Fertigstellung. Als Geschäftsführerin ist sie verantwortlich für Akquise, Kundenbetreuung und die Entwicklung von Masterplänen. Ein besonderer Schwerpunkt liegt dabei auf pferdefachlichen Themen und maßgeschneiderter Architektur für Reitsportanlagen.</p><p>Ihre Expertise reicht von der Entwurfs- und Genehmigungsplanung bis zur Projektentwicklung – stets mit Blick für Details, Nutzerbedürfnisse und nachhaltige Lösungen.</p>								</div>
				</div>
				<div class="elementor-element elementor-element-5481acc6 elementor-widget elementor-widget-text-editor" data-id="5481acc6" data-element_type="widget" data-e-type="widget" data-widget_type="text-editor.default">
				<div class="elementor-widget-container">
									<p><strong>Schwerpunkte</strong></p><p>Pferdearchitektur – „Bauen für Pferde“</p><p>Öffentliche Bauten</p><p>Wohnungsbau</p><p>Bauen im Bestand, Revitalisierung</p><p>Mieterausbau</p><p>In ihrer Arbeit verbindet Heidrun Weitz wirtschaftliche Effizienz mit kreativer Planung – immer mit einem Gespür für die individuellen Anforderungen der Nutzer.</p>								</div>
				</div>
					</div>
				</div>
				</div>
				</div>

<p>HEIDRUN WEITZ Gründerin und Geschäftsführerin | Architektin AHK Mit Leidenschaft für Architektur und über 35 Jahren Erfahrung begleitet Heidrun Weitz Projekte von der ersten Idee bis zur Fertigstellung. Als Geschäftsführerin ist sie verantwortlich für Akquise, Kundenbetreuung und die Entwicklung von Masterplänen. Ein besonderer Schwerpunkt liegt dabei auf pferdefachlichen Themen und maßgeschneiderter Architektur für Reitsportanlagen. Ihre Expertise reicht von der Entwurfs- und Genehmigungsplanung bis zur Projektentwicklung – stets mit Blick für Details, Nutzerbedürfnisse und nachhaltige Lösungen. Schwerpunkte Pferdearchitektur – „Bauen für Pferde“ Öffentliche Bauten Wohnungsbau Bauen im Bestand, Revitalisierung Mieterausbau In ihrer Arbeit verbindet Heidrun Weitz wirtschaftliche Effizienz mit kreativer Planung – immer mit einem Gespür für die individuellen Anforderungen der Nutzer.</p>
