{"id":3587,"date":"2025-06-13T11:27:59","date_gmt":"2025-06-13T11:27:59","guid":{"rendered":"https:\/\/nw-architekten.com\/?page_id=3587"},"modified":"2025-06-16T09:39:32","modified_gmt":"2025-06-16T09:39:32","slug":"carsten-nawrath","status":"publish","type":"page","link":"https:\/\/nw-architekten.com\/?page_id=3587","title":{"rendered":"Carsten Nawrath"},"content":{"rendered":"\t\t<div data-elementor-type=\"wp-page\" data-elementor-id=\"3587\" class=\"elementor elementor-3587\" data-elementor-post-type=\"page\">\n\t\t\t\t<div data-particle_enable=\"false\" data-particle-mobile-disabled=\"false\" class=\"elementor-element elementor-element-2c3e7037 e-con-full big-text-overlay e-flex wpr-particle-no wpr-jarallax-no wpr-parallax-no wpr-sticky-section-no e-con e-parent\" data-id=\"2c3e7037\" data-element_type=\"container\" data-e-type=\"container\" data-settings=\"{&quot;background_background&quot;:&quot;gradient&quot;}\">\n\t\t\t\t<div class=\"elementor-element elementor-element-5e729a1b mein-bild elementor-widget elementor-widget-image\" data-id=\"5e729a1b\" data-element_type=\"widget\" data-e-type=\"widget\" data-widget_type=\"image.default\">\n\t\t\t\t<div class=\"elementor-widget-container\">\n\t\t\t\t\t\t\t\t\t\t\t\t\t\t\t<img decoding=\"async\" src=\"https:\/\/nw-architekten.com\/wp-content\/uploads\/elementor\/thumbs\/Carsten-Nawrath-1-rcy085i9za5jee6c0nz6pi4kuzdj09knyzdnfbfnu8.png\" title=\"Carsten-Nawrath-1.png\" alt=\"Carsten-Nawrath-1.png\" loading=\"lazy\" \/>\t\t\t\t\t\t\t\t\t\t\t\t\t\t\t<\/div>\n\t\t\t\t<\/div>\n\t\t\t\t<div class=\"elementor-element elementor-element-60fd071 elementor-widget__width-inherit elementor-absolute elementor-widget elementor-widget-heading\" data-id=\"60fd071\" data-element_type=\"widget\" data-e-type=\"widget\" data-settings=\"{&quot;_position&quot;:&quot;absolute&quot;}\" data-widget_type=\"heading.default\">\n\t\t\t\t<div class=\"elementor-widget-container\">\n\t\t\t\t\t<h2 class=\"elementor-heading-title elementor-size-default\">CARSTEN NAWRATH<\/h2>\t\t\t\t<\/div>\n\t\t\t\t<\/div>\n\t\t<div data-particle_enable=\"false\" data-particle-mobile-disabled=\"false\" class=\"elementor-element elementor-element-290f8e81 e-flex e-con-boxed wpr-particle-no wpr-jarallax-no wpr-parallax-no wpr-sticky-section-no e-con e-child\" data-id=\"290f8e81\" data-element_type=\"container\" data-e-type=\"container\">\n\t\t\t\t\t<div class=\"e-con-inner\">\n\t\t\t\t<div class=\"elementor-element elementor-element-4c1d31cb elementor-widget elementor-widget-heading\" data-id=\"4c1d31cb\" data-element_type=\"widget\" data-e-type=\"widget\" data-widget_type=\"heading.default\">\n\t\t\t\t<div class=\"elementor-widget-container\">\n\t\t\t\t\t<h2 class=\"elementor-heading-title elementor-size-default\">Gr\u00fcnder und Gesch\u00e4ftsf\u00fchrer | Dipl.-Ing. Architektur (FH)<\/h2>\t\t\t\t<\/div>\n\t\t\t\t<\/div>\n\t\t\t\t<div class=\"elementor-element elementor-element-486ef4c7 elementor-widget elementor-widget-text-editor\" data-id=\"486ef4c7\" data-element_type=\"widget\" data-e-type=\"widget\" data-widget_type=\"text-editor.default\">\n\t\t\t\t<div class=\"elementor-widget-container\">\n\t\t\t\t\t\t\t\t\t<p>Carsten Nawrath ist Gr\u00fcnder und Gesch\u00e4ftsf\u00fchrer des B\u00fcros. Mit seiner umfassenden Erfahrung im Baumanagement, in der Bau\u00fcberwachung sowie in der Projektleitung steuert er komplexe Bauvorhaben sicher und zielorientiert \u2013 mit Fokus auf Kosten, Qualit\u00e4t und Terminen.<\/p><p>Seine besondere Leidenschaft gilt Sonderbauten, dem hochwertigen Innenausbau sowie dem sensiblen Umgang mit Bestands- und denkmalgesch\u00fctzten Geb\u00e4uden. Mit seiner Expertise begleitet er Bauprojekte vom ersten Entwurf bis zur Fertigstellung und bringt dabei kreative L\u00f6sungen mit einem hohen Anspruch an gestalterische und technische Qualit\u00e4t ein.<\/p>\t\t\t\t\t\t\t\t<\/div>\n\t\t\t\t<\/div>\n\t\t\t\t<div class=\"elementor-element elementor-element-498e51be elementor-widget elementor-widget-text-editor\" data-id=\"498e51be\" data-element_type=\"widget\" data-e-type=\"widget\" data-widget_type=\"text-editor.default\">\n\t\t\t\t<div class=\"elementor-widget-container\">\n\t\t\t\t\t\t\t\t\t<p><strong>Expertise<\/strong><\/p><p>Baumanagement (Kosten, Qualit\u00e4t, Termine)<\/p><p>Bau\u00fcberwachung<\/p><p>Projektleitung<\/p><p>Sonderbauten<\/p><p>Bauen im Bestand<\/p><p>Hochwertiger Innenausbau<\/p><p><strong>Schwerpunkte in der Architektur<\/strong><\/p><p>Kultur- und Museumsbau<\/p><p>Sonderbauten<\/p><p>Umbauma\u00dfnahmen an\/in denkmalgesch\u00fctzten Geb\u00e4uden<\/p><p>Stadion<\/p><p>Carsten Nawrath kombiniert wirtschaftliches Denken mit architektonischer Leidenschaft \u2013 f\u00fcr Bauprojekte, die Bestand haben und Geschichte schreiben.<\/p>\t\t\t\t\t\t\t\t<\/div>\n\t\t\t\t<\/div>\n\t\t\t\t\t<\/div>\n\t\t\t\t<\/div>\n\t\t\t\t<\/div>\n\t\t\t\t<\/div>\n\t\t","protected":false},"excerpt":{"rendered":"<p>CARSTEN NAWRATH Gr\u00fcnder und Gesch\u00e4ftsf\u00fchrer | Dipl.-Ing. Architektur (FH) Carsten Nawrath ist Gr\u00fcnder und Gesch\u00e4ftsf\u00fchrer des B\u00fcros. Mit seiner umfassenden Erfahrung im Baumanagement, in der Bau\u00fcberwachung sowie in der Projektleitung steuert er komplexe Bauvorhaben sicher und zielorientiert \u2013 mit Fokus auf Kosten, Qualit\u00e4t und Terminen. Seine besondere Leidenschaft gilt Sonderbauten, dem hochwertigen Innenausbau sowie dem sensiblen Umgang mit Bestands- und denkmalgesch\u00fctzten Geb\u00e4uden. Mit seiner Expertise begleitet er Bauprojekte vom ersten Entwurf bis zur Fertigstellung und bringt dabei kreative L\u00f6sungen mit einem hohen Anspruch an gestalterische und technische Qualit\u00e4t ein. Expertise Baumanagement (Kosten, Qualit\u00e4t, Termine) Bau\u00fcberwachung Projektleitung Sonderbauten Bauen im Bestand Hochwertiger Innenausbau Schwerpunkte in der Architektur Kultur- und Museumsbau Sonderbauten Umbauma\u00dfnahmen an\/in denkmalgesch\u00fctzten Geb\u00e4uden Stadion Carsten Nawrath kombiniert wirtschaftliches Denken mit architektonischer Leidenschaft \u2013 f\u00fcr Bauprojekte, die Bestand haben und Geschichte schreiben.<\/p>\n","protected":false},"author":6,"featured_media":0,"parent":3568,"menu_order":0,"comment_status":"closed","ping_status":"closed","template":"","meta":{"footnotes":""},"class_list":["post-3587","page","type-page","status-publish","hentry"],"_links":{"self":[{"href":"https:\/\/nw-architekten.com\/index.php?rest_route=\/wp\/v2\/pages\/3587","targetHints":{"allow":["GET"]}}],"collection":[{"href":"https:\/\/nw-architekten.com\/index.php?rest_route=\/wp\/v2\/pages"}],"about":[{"href":"https:\/\/nw-architekten.com\/index.php?rest_route=\/wp\/v2\/types\/page"}],"author":[{"embeddable":true,"href":"https:\/\/nw-architekten.com\/index.php?rest_route=\/wp\/v2\/users\/6"}],"replies":[{"embeddable":true,"href":"https:\/\/nw-architekten.com\/index.php?rest_route=%2Fwp%2Fv2%2Fcomments&post=3587"}],"version-history":[{"count":4,"href":"https:\/\/nw-architekten.com\/index.php?rest_route=\/wp\/v2\/pages\/3587\/revisions"}],"predecessor-version":[{"id":3663,"href":"https:\/\/nw-architekten.com\/index.php?rest_route=\/wp\/v2\/pages\/3587\/revisions\/3663"}],"up":[{"embeddable":true,"href":"https:\/\/nw-architekten.com\/index.php?rest_route=\/wp\/v2\/pages\/3568"}],"wp:attachment":[{"href":"https:\/\/nw-architekten.com\/index.php?rest_route=%2Fwp%2Fv2%2Fmedia&parent=3587"}],"curies":[{"name":"wp","href":"https:\/\/api.w.org\/{rel}","templated":true}]}}

<div data-elementor-type="wp-page" data-elementor-id="3587" class="elementor elementor-3587" data-elementor-post-type="page">
				<div data-particle_enable="false" data-particle-mobile-disabled="false" class="elementor-element elementor-element-2c3e7037 e-con-full big-text-overlay e-flex wpr-particle-no wpr-jarallax-no wpr-parallax-no wpr-sticky-section-no e-con e-parent" data-id="2c3e7037" data-element_type="container" data-e-type="container" data-settings="{&quot;background_background&quot;:&quot;gradient&quot;}">
				<div class="elementor-element elementor-element-5e729a1b mein-bild elementor-widget elementor-widget-image" data-id="5e729a1b" data-element_type="widget" data-e-type="widget" data-widget_type="image.default">
				<div class="elementor-widget-container">
															<img decoding="async" src="https://nw-architekten.com/wp-content/uploads/elementor/thumbs/Carsten-Nawrath-1-rcy085i9za5jee6c0nz6pi4kuzdj09knyzdnfbfnu8.png" title="Carsten-Nawrath-1.png" alt="Carsten-Nawrath-1.png" loading="lazy" />															</div>
				</div>
				<div class="elementor-element elementor-element-60fd071 elementor-widget__width-inherit elementor-absolute elementor-widget elementor-widget-heading" data-id="60fd071" data-element_type="widget" data-e-type="widget" data-settings="{&quot;_position&quot;:&quot;absolute&quot;}" data-widget_type="heading.default">
				<div class="elementor-widget-container">
					<h2 class="elementor-heading-title elementor-size-default">CARSTEN NAWRATH</h2>				</div>
				</div>
		<div data-particle_enable="false" data-particle-mobile-disabled="false" class="elementor-element elementor-element-290f8e81 e-flex e-con-boxed wpr-particle-no wpr-jarallax-no wpr-parallax-no wpr-sticky-section-no e-con e-child" data-id="290f8e81" data-element_type="container" data-e-type="container">
					<div class="e-con-inner">
				<div class="elementor-element elementor-element-4c1d31cb elementor-widget elementor-widget-heading" data-id="4c1d31cb" data-element_type="widget" data-e-type="widget" data-widget_type="heading.default">
				<div class="elementor-widget-container">
					<h2 class="elementor-heading-title elementor-size-default">Gründer und Geschäftsführer | Dipl.-Ing. Architektur (FH)</h2>				</div>
				</div>
				<div class="elementor-element elementor-element-486ef4c7 elementor-widget elementor-widget-text-editor" data-id="486ef4c7" data-element_type="widget" data-e-type="widget" data-widget_type="text-editor.default">
				<div class="elementor-widget-container">
									<p>Carsten Nawrath ist Gründer und Geschäftsführer des Büros. Mit seiner umfassenden Erfahrung im Baumanagement, in der Bauüberwachung sowie in der Projektleitung steuert er komplexe Bauvorhaben sicher und zielorientiert – mit Fokus auf Kosten, Qualität und Terminen.</p><p>Seine besondere Leidenschaft gilt Sonderbauten, dem hochwertigen Innenausbau sowie dem sensiblen Umgang mit Bestands- und denkmalgeschützten Gebäuden. Mit seiner Expertise begleitet er Bauprojekte vom ersten Entwurf bis zur Fertigstellung und bringt dabei kreative Lösungen mit einem hohen Anspruch an gestalterische und technische Qualität ein.</p>								</div>
				</div>
				<div class="elementor-element elementor-element-498e51be elementor-widget elementor-widget-text-editor" data-id="498e51be" data-element_type="widget" data-e-type="widget" data-widget_type="text-editor.default">
				<div class="elementor-widget-container">
									<p><strong>Expertise</strong></p><p>Baumanagement (Kosten, Qualität, Termine)</p><p>Bauüberwachung</p><p>Projektleitung</p><p>Sonderbauten</p><p>Bauen im Bestand</p><p>Hochwertiger Innenausbau</p><p><strong>Schwerpunkte in der Architektur</strong></p><p>Kultur- und Museumsbau</p><p>Sonderbauten</p><p>Umbaumaßnahmen an/in denkmalgeschützten Gebäuden</p><p>Stadion</p><p>Carsten Nawrath kombiniert wirtschaftliches Denken mit architektonischer Leidenschaft – für Bauprojekte, die Bestand haben und Geschichte schreiben.</p>								</div>
				</div>
					</div>
				</div>
				</div>
				</div>

<p>CARSTEN NAWRATH Gründer und Geschäftsführer | Dipl.-Ing. Architektur (FH) Carsten Nawrath ist Gründer und Geschäftsführer des Büros. Mit seiner umfassenden Erfahrung im Baumanagement, in der Bauüberwachung sowie in der Projektleitung steuert er komplexe Bauvorhaben sicher und zielorientiert – mit Fokus auf Kosten, Qualität und Terminen. Seine besondere Leidenschaft gilt Sonderbauten, dem hochwertigen Innenausbau sowie dem sensiblen Umgang mit Bestands- und denkmalgeschützten Gebäuden. Mit seiner Expertise begleitet er Bauprojekte vom ersten Entwurf bis zur Fertigstellung und bringt dabei kreative Lösungen mit einem hohen Anspruch an gestalterische und technische Qualität ein. Expertise Baumanagement (Kosten, Qualität, Termine) Bauüberwachung Projektleitung Sonderbauten Bauen im Bestand Hochwertiger Innenausbau Schwerpunkte in der Architektur Kultur- und Museumsbau Sonderbauten Umbaumaßnahmen an/in denkmalgeschützten Gebäuden Stadion Carsten Nawrath kombiniert wirtschaftliches Denken mit architektonischer Leidenschaft – für Bauprojekte, die Bestand haben und Geschichte schreiben.</p>
